/6). Let h(i) = i - 75*i**2 + 1 + 161*i**2 - 79*i**2. Let s be h(y). Calculate the greatest common factor of s and 108.
27
Let f = 56 + -51. Suppose 3*w - 5*r - 34 = 0, -f*w + 41 = -2*w + 2*r. Calculate the highest common divisor of 104 and w.
13
Let x(i) = 31*i - 1. Let r be x(3). Suppose 169*s = 173*s - 92. Calculate the highest common divisor of r and s.
23
Let x = 79 + -43. Let h = -22 + x. What is the highest common factor of 70 and h?
14
Suppose -113 = -j - 5. Let i = j - 48. Let s = 7 - -3. What is the greatest common factor of i and s?
10
Let b be (-3)/(-12) - 1 - 153/(-12). Let v = -98 + 146. Calculate the highest common divisor of v and b.
12
Let w(l) = -10*l - 9. Let y be w(-5). Calculate the greatest common factor of 369 and y.
41
Let q = -231 - -301. Calculate the highest common factor of 140 and q.
70
Let o = -78 - -110. Let x(u) = 3*u**3 - 6*u**2 + u - 4. Let p be x(4). What is the greatest common factor of o and p?
32
Suppose 5*o - 4*o - 3*a = 169, 5*a = o - 175. What is the greatest common divisor of 30 and o?
10
Suppose 45 = 26*x - 33. What is the highest common divisor of x and 1?
1
Let d be (45/25)/(3/260). What is the highest common divisor of 96 and d?
12
Let b(u) = -2*u**3 - 33*u**2 - 20*u - 38. Let n be b(-16). Calculate the greatest common divisor of n and 2.
2
Let n be 1 + 40 - 2/2*3. What is the greatest common divisor of 874 and n?
38
Let f be 1 + (30 - 2) - -1. Let c = -18 + f. Let x be (2 - c)*(-3 - -2). Calculate the greatest common factor of 90 and x.
10
Suppose 4*p - 13*i - 176 = -14*i, -25 = -p - 5*i. Calculate the highest common divisor of 120 and p.
15
Suppose 31*m - 2164 = -149. Calculate the highest common factor of 208 and m.
13
Suppose -4*o = 3*p - 71, -1 = 2*o - 5*p - 4. Suppose 0 = -2*z + 1 - 5. Let v be (o - z)/((-6)/(-12)). What is the greatest common factor of v and 160?
32
Let x = 678 - 545. Calculate the greatest common divisor of x and 76.
19
Suppose -2*k = k - 405. Let r = k + -89. Let h = r + -28. What is the highest common divisor of h and 2?
2
Suppose 0 = -0*d + 22*d - 594. What is the greatest common divisor of 351 and d?
27
Let u be (-35)/(-15) - 4/(-6). Suppose u*w = 0, 2*k = -w + 6*w + 140. Calculate the highest common divisor of k and 10.
10
Suppose y - 5*s - 285 = 0, -2*y + 760 - 164 = 3*s. What is the greatest common factor of y and 118?
59
Suppose -5*p - 2*p = 406. Let y = p - -78. What is the greatest common factor of y and 80?
20
Suppose 2*u = -4*r + 2, 2*r + 3*u = -3*r. Let p = 58 + -58. Suppose i - 31 = 4*b, p*b = -2*b - 2. What is the greatest common divisor of r and i?
3
Suppose 2*l + 112*g - 115*g - 256 = 0, 4*g + 8 = 0. What is the greatest common factor of l and 3125?
125
Let o = 87 + -666. Let l be 0/((-2)/2) + 12. Let i be (-2)/l - o/18. Calculate the highest common divisor of i and 4.
4
Let g be ((-2)/(-4))/(1/32). Let r(t) = -3*t**2 + 42*t - 128. Let x be r(8). Calculate the highest common divisor of g and x.
16
Let c(u) = -u**2 - 57*u - 748. Let h be c(-36). What is the highest common factor of h and 3656?
8
Suppose -4*u = -n + 60, -u - 4 = -0*u. What is the greatest common factor of 110 and n?
22
Let z(i) = -57*i + 496. Let h be z(8). Calculate the greatest common factor of h and 1080.
40
Let w = -772 - -804. What is the highest common divisor of w and 592?
16
Let a be (17/4)/(((-18)/(-104))/(-9)). Let k = a - -389. Let w be -1*(-42)/((-4)/(-2)). Calculate the highest common factor of w and k.
21
Let l(s) = -2*s**3 - 4*s**2 - 3*s - 4. Let j be l(-3). Suppose -r + c + 214 = 55, 4*c - 8 = 0. What is the greatest common divisor of r and j?
23
Suppose -271 = -n + 139. Let u = -2 - -6. Suppose -5*a + n = -5*f, -3*a + u*f = -5*a + 158. Calculate the greatest common factor of a and 9.
9
Suppose 4*k = 2*u + 122, 3*u = -4*k + 95 - 298. Let d be 3 - (4/(-10) + u/25). Calculate the highest common divisor of d and 15.
3
Let h be (-30)/60*118/(-1 + 0). Calculate the highest common factor of h and 472.
59
Let y = -33 - -43. Let g(f) = -2*f + 16. Let m be g(-12). What is the highest common divisor of m and y?
10
Suppose p = 41 - 5. Calculate the highest common factor of 27 and p.
9
Let h(o) = -42*o - 37. Suppose i + 26 = -3*d, -21*d - i - 10 = -20*d. Let j be h(d). What is the greatest common factor of 13 and j?
13
Let r be 27 + -2 + (-1 - 0). Let p(v) = 133*v - 8. Let j be p(3). Let b = -127 + j. What is the highest common divisor of b and r?
24
Let z = 468 + -288. What is the highest common divisor of 36 and z?
36
Let w(h) = 0 + 4*h + 0 + 1 + 2 + h**2. Let i be w(-5). What is the greatest common divisor of i and 56?
8
Suppose 56 = 22*c - 15*c. What is the greatest common factor of c and 28?
4
Let k(b) = -b**2 + 46*b - 458. Let m be k(31). Let o be 9/4 - (-1)/(-4). Let j be -1 + o*8 + -1. Calculate the highest common factor of j and m.
7
Let v be (-4)/18 - 184/(-18). Let s be 1 - ((-3 - -2) + -23). Calculate the highest common divisor of s and v.
5
Let j = 239 + -50. What is the highest common factor of j and 27?
27
Suppose 4*a + 4*d = 180, -2*d + 177 = 4*a - 3. Let k = 819 + -814. Calculate the highest common factor of k and a.
5
Suppose 15 = 4*v - 5. Let a(w) = -3*w + 2*w - w**2 - 4*w - 2 + 3*w**2. Let q be a(v). What is the greatest common divisor of 23 and q?
23
Let m = 200 - 16. Suppose -2*i - a - m = -7*i, 3*i - a - 112 = 0. Suppose -3*h + 132 = -i. Calculate the highest common factor of h and 7.
7
Suppose -5*q + 116 = 4*m, -2*m + 4*q = -31 - 1. Calculate the greatest common factor of 16 and m.
8
Let s be 0 + (5 + -1 - (-13 - -1)). Calculate the highest common divisor of 32 and s.
16
Let h = 1731 - 161. Calculate the highest common divisor of 10 and h.
10
Suppose 3*x - 108 = -2*b - 0*x, -3*b + x = -162. Let v = b + -39. What is the highest common factor of v and 3?
3
Suppose -5*s + 73 = 5*l - 2*l, -5*s - l = -71. Suppose -3*d + d + 4*z = -68, -2*d - 5*z = -41. Calculate the highest common factor of d and s.
14
Let y(v) = -32*v + 107. Let x be y(-8). Calculate the greatest common factor of x and 33.
33
Let n be (69 - 70) + (-26)/(-4 - -2). What is the greatest common divisor of 92 and n?
4
Suppose -a - 5*x = -51 + 34, -5*a + x + 7 = 0. Calculate the greatest common factor of 2 and a.
2
Let j(a) = -5*a + 8. Let n(s) = 1. Let i(m) = -j(m) - 4*n(m). Let l be i(5). Let w = 29 + 75. Calculate the highest common factor of w and l.
13
Let r be ((-8)/(-18))/(12/54). Suppose -11*b = -12*b + 4. What is the highest common divisor of r and b?
2
Let g(m) = -12*m. Let f be g(-1). Suppose 2*v - 6 = -5*p, -3*v - 2*p - 3*p + 9 = 0. Let r = v + 15. Calculate the highest common divisor of f and r.
6
Suppose 8*a - 11*a + 88 = 4*z, 4*z = 4*a + 116. Suppose 5*i + 10 = -b, 19 = -3*b + 8*b + 2*i. What is the greatest common factor of b and z?
5
Suppose -3*b + 571 - 186 = -j, -b + 131 = j. Calculate the highest common factor of b and 2193.
129
Suppose -4*s = -s - 60. Let d(o) = o**3 + 34. Let f be d(0). Suppose -f - 6 = -5*g. What is the highest common factor of s and g?
4
Let k be 4*(-3)/18 + (-884)/(-3). What is the greatest common divisor of 98 and k?
98
Suppose 3*q = -0*q + 2*g - 7, -g + 1 = -4*q. Let l be (-18*(-16)/120)/(q/30). Calculate the greatest common factor of 36 and l.
36
Suppose -56*k + 28*k + 672 = 0. What is the greatest common divisor of 42 and k?
6
Suppose 0*w = -2*w + 20. Suppose v = 12 + 12. Let l = v - -76. What is the greatest common factor of w and l?
10
Suppose f + 2*s + 38 = 4*f, -f - 2 = 3*s. Let b be 1*6 + 3 + -3. Suppose -b*i + 2*i = -40. Calculate the highest common factor of i and f.
10
Let q(w) = 3*w**2 - 3*w - 2. Let z be q(-2). Suppose -14*p + 2779 = 2219. Calculate the greatest common divisor of p and z.
8
Suppose 7*a = 8*a - 10. Suppose 2*u - 6 = 5*v, v + 8 + 2 = -4*u. Let d be 7/14 + (-79)/v. Calculate the highest common divisor of a and d.
10
Suppose -2*p + 142 - 14 = 0. Let n(g) = 4*g**2 + 3*g + 4. Let w be n(-6). Let m = w - p. Calculate the highest common divisor of m and 44.
22
Let i(u) = 35*u. Let t be i(1). Suppose -2*y - 7 = 3. Let p be 2 - (144 + y)*-2. Calculate the highest common factor of p and t.
35
Let y(v) = -v**3 - 5*v**2 + 10. Let g be y(4). Let n = g - -168. What is the greatest common divisor of 51 and n?
17
Let g = 27 - 35. Let u be (-3)/3 - 